063 - -10?
-1053
In base 9, what is 4 - 327?
-323
In base 10, what is 81 - -10?
91
In base 14, what is -3 - -373?
370
In base 15, what is 3c6c - -4?
3c71
In base 10, what is 0 + -1658?
-1658
In base 14, what is 36a - 2?
368
In base 9, what is -72 - -43?
-28
In base 9, what is 15 - -167?
183
In base 5, what is -1 + -11?
-12
In base 13, what is 914 + 5?
919
In base 8, what is -1 - -40?
37
In base 13, what is c - -11?
20
In base 3, what is 11 - -2022?
2110
In base 6, what is 15344 + 0?
15344
In base 5, what is 12023 - 3?
12020
In base 3, what is -22012 - -10?
-22002
In base 10, what is 0 - -78?
78
In base 4, what is 110203 - 3?
110200
In base 5, what is -2010 + -4?
-2014
In base 2, what is 1 + -100001001011?
-100001001010
In base 5, what is -3 - 4422?
-4430
In base 16, what is -2 + -12?
-14
In base 4, what is 1320 - -1?
1321
In base 11, what is -355 - 0?
-355
In base 8, what is 0 - -53?
53
In base 9, what is 1 - -1136?
1137
In base 2, what is 10 + -10?
0
In base 15, what is -34 + 1c?
-17
In base 7, what is -2 + 23?
21
In base 2, what is -1001111001 - -101?
-1001110100
In base 2, what is -100 - 10010111?
-10011011
In base 2, what is 11 + -11100001110?
-11100001011
In base 14, what is a9 + -4?
a5
In base 11, what is 1111 + 5?
1116
In base 10, what is 13 - -121?
134
In base 5, what is 20 + 1030?
1100
In base 6, what is 4 - -1011?
1015
In base 4, what is 322 + 33?
1021
In base 10, what is -12609 - 3?
-12612
In base 13, what is 5 - -168?
170
In base 12, what is -149 + 5?
-144
In base 5, what is 4 + 141?
200
In base 7, what is -463 + 110?
-353
In base 15, what is -23 + -8?
-2b
In base 5, what is -110 + 0?
-110
In base 16, what is -69f4 - 5?
-69f9
In base 5, what is -431 + 4?
-422
In base 16, what is 25 - -e5?
10a
In base 8, what is 5 + 1230?
1235
In base 8, what is -14 - 351?
-365
In base 11, what is -1 + -43?
-44
In base 4, what is -132301 + 10?
-132231
In base 2, what is -10000000 - 100001?
-10100001
In base 12, what is -10 + 709?
6b9
In base 10, what is 90 - -2?
92
In base 12, what is -5 + 507?
502
In base 12, what is 1 + -832?
-831
In base 5, what is 120 - 4?
111
In base 8, what is -30 - 11?
-41
In base 5, what is -12 - -134?
122
In base 12, what is -44 + -1?
-45
In base 8, what is -5 + -572?
-577
In base 14, what is -9 - -1b6?
1ab
In base 7, what is 1 - -4662?
4663
In base 16, what is -b6 - -6?
-b0
In base 12, what is -1 - 63?
-64
In base 2, what is 10010 - -110011?
1000101
In base 5, what is -21 + -211?
-232
In base 4, what is 1021 + 1?
1022
In base 15, what is 11b - 13?
108
In base 8, what is 5 + -4145?
-4140
In base 16, what is -4 - 7a6?
-7aa
In base 4, what is -121102 + -10?
-121112
In base 7, what is -3 - 4?
-10
In base 4, what is 110201 + 2?
110203
In base 6, what is -22 - 10?
-32
In base 5, what is -41 - 1?
-42
In base 6, what is -1 + 24?
23
In base 7, what is -164 + -13?
-210
In base 11, what is 21a - -23?
242
In base 12, what is 268b + 2?
2691
In base 15, what is -1 + -95?
-96
In base 4, what is -12 + -12122?
-12200
In base 16, what is 1 + -34?
-33
In base 2, what is 101 + 100000111?
100001100
In base 15, what is -26 + -5?
-2b
In base 2, what is -1110 + 10?
-1100
In base 4, what is -30 - 20?
-110
In base 9, what is -3400 - -3?
-3386
In base 14, what is 1a7c + 2?
1a80
In base 2, what is 0 + 1000001110?
1000001110
In base 12, what is 2 + -5b4?
-5b2
In base 15, what is -15bc - -5?
-15b7
In base 5, what is -3 + 112?
104
In base 10, what is -1315 - 0?
-1315
In base 12, what is -2 + -6?
-8
In base 7, what is -1 - -123?
122
In base 16, what is 5 - -10?
15
In base 10, what is -4 + 123?
119
In base 12, what is -295 + 3?
-292
In base 11, what is -30 + 8?
-23
In base 8, what is 1 - 154?
-153
In base 7, what is -2 - 122?
-124
In base 15, what is 2 + 667?
669
In base 10, what is 765 - -1?
766
In base 2, what is 1010 - -100110?
110000
In base 16, what is 2 + -26?
-24
In base 4, what is -20222 - 3?
-20231
In base 4, what is 2 - -2212?
2220
In base 8, what is -212 - -4?
-206
In base 13, what is -6 - -7?
1
In base 11, what is 430 - 0?
430
In base 6, what is -154 + -1?
-155
In base 14, what is 76c + -2?
76a
In base 14, what is 5 - -3c3?
3c8
In base 13, what is 112a + -7?
1123
In base 7, what is 203 + 0?
203
In base 16, what is -8 - 2d4?
-2dc
In base 16, what is 9 + 5e?
67
In base 4, what is 330 + -1011?
-21
In base 14, what is 2b + 4c?
79
In base 2, what is -1 - -1111001?
1111000
In base 8, what is -125 - -5?
-120
In base 7, what is 55 - -3?
61
In base 3, what is -21022212 - 1?
-21022220
In base 10, what is -30 + 53?
23
In base 13, what is 3 + 7a?
80
In base 14, what is 8 - -a5?
ad
In base 4, what is 12023012 - -1?
12023013
In base 16, what is 4 + 84?
88
In base 10, what is -76 + 2?
-74
In base 15, what is -1102 + 4?
-10ed
In base 5, what is -4401 + 2?
-4344
In base 11, what is 161 - 5?
157
In base 16, what is -3 + -1d?
-20
In base 9, what is 1 + -1004?
-1003
In base 12, what is -3 - 2?
-5
In base 11, what is 29 - 1a?
a
In base 16, what is -f62 + -4?
-f66
In base 6, what is 23515 - 5?
23510
In base 8, what is 10 - 112?
-102
In base 10, what is 438 + 3?
441
In base 10, what is 289 - -1?
290
In base 15, what is 483 + 3?
486
In base 9, what is -24518 + -4?
-24523
In base 16, what is 162 + 0?
162
In base 6, what is 4 + -5443?
-5435
In base 16, what is 671 - 0?
671
In base 11, what is -86 - -25?
-61
In base 15, what is 12 + 2d?
40
In base 2, what is 1000 + 110001?
111001
In base 16, what is 14e + 2?
150
In base 12, what is 1 - 1767?
-1766
In base 2, what is -1 + 11101?
11100
In base 3, what is -12110220 + -12?
-12111002
In base 3, what is 12101 + 110?
12211
In base 2, what is 1010 - 1011111?
-1010101
In base 11, what is 205 + -7?
1a9
In base 16, what is -605 - -9?
-5fc
In base 2, what is -110010 + -100?
-110110
In base 5, what is 331 + 12?
343
In base 3, what is -1 + 10100120?
10100112
In base 11, what is -a13 - -1?
-a12
In base 6, what is -244 - -21?
-223
In base 10, what is -3 + 37?
34
In base 11, what is -168 - 6?
-173
In base 10, what is -190 - -14?
-176
In base 8, what is 62 + -113?
-31
In base 4, what is -2 - 303132?
-303200
In base 5, what is 1 - -24242?
24243
In base 8, what is -4 - -52?
46
In base 3, what is 200 - 110?
20
In base 16, what is -7 + -3d?
-44
In base 13, what is 0 + 256?
256
In base 16, what is 2 - d6?
-d4
In base 14, what is -32 - 1?
-33
In base 3, what is 10000001 - -10?
10000011
In base 6, what is -3321 - -5?
-3312
In base 9, what is -4 + 142?
137
In base 4, what is -10203 + -10?
-10213
In base 2, what is 1 - 111010?
-111001
In base 7, what is -21 - -445?
424
In base 9, what is -15853 - 4?
-15857
In base 14, what is -d3 + -9?
-dc
In base 11, what is -2756 - -3?
-2753
In base 2, what is 10 - -1000100010000?
1000100010010
In base 12, what is -4 - -1ba?
1b6
In base 8, what is -172 + 4?
-166
In base 15, what is -c1 - 4?
-c5
In base 13, what is 74 - -6?
7a
In base 14, what is -5 - 144?
-149
In base 11, what is 8 + -92?
-85
In base 4, what is -2333 - 10?
-3003
In base 15, what is bba - 1?
bb9
In base 14, what is 39 + -2?
37
In base 15, what is 4 + -27?
-23
In base 12, what is -11 - -143?
132
In base 7, what is 3304 + 11?
3315
In base 14, what is b4 + -1?
b3
In base 11, what is 10 + -5a?
-4a
In base 15, what is 9b - 1?
9a
In base 4, what is -130103 - 11?
-130120
In base 6, what is -3 + -21?
-24
In base 5, what is -10 - 1003?
-1013
In base 10, what is 864 + 5?
869
In base 6, what is -214 + 3?
-211
In base 16, what is 21 - -9b?
bc
In base 7, what is 5 - 616?
-611
In base 6, what is 2232 - 4?
2224
In base 14, what is -d0 - 0?
-d0
In base 3, what is -10 + -102112?
-102122
In base 14, what is 43 + 0?
43
In base 10, what is -8 + -76?
-84
In base 12, what is 0 - 141?
-141
In base 6, what is 110 + -3?
103
In base 13, what is 5 + -3c1?
-3b9
In base 2, what is 0 + 1110011?
1110011
In base 2, what is 10010011100 - -101?
10010100001
In base 2, what is -10 - -100100011?
100100001
In base 8, what is -4 + -320?
-324
In base 15, what is 5 + -e?
-9
In base 11, what is -218 - 4?
-221
In base 12, what is a06 - -4?
a0a
In base 13, what is a44 - -4?
a48
In base 15, what is -2 + -19?
-1b
In base 6, what is -1525 + -3?
-1532
In base 3, what is 11 - -101201?
101212
In base 5, what is -1213 + 4?
-1204
In base 8, what is -151 - -11?
-140
In base 5, what is 1241 - 